{"id":114,"date":"2014-05-27T17:12:25","date_gmt":"2014-05-27T17:12:25","guid":{"rendered":"http:\/\/brugger.inf.br\/site\/?page_id=114"},"modified":"2015-07-06T23:18:14","modified_gmt":"2015-07-06T23:18:14","slug":"pdm-padrao-para-descricao-de-materiais","status":"publish","type":"page","link":"https:\/\/brugger.com.br\/site\/?page_id=114","title":{"rendered":"PDM &#8211; Padr\u00e3o para Descri\u00e7\u00e3o de Materiais"},"content":{"rendered":"<p>Um Padr\u00e3o para Descri\u00e7\u00e3o de Materiais (PDM) \u00e9 parte da infraestrutura m\u00ednima para gest\u00e3o de sistemas log\u00edsticos de suprimentos. Esta pratica assegura a correta identifica\u00e7\u00e3o, descri\u00e7\u00e3o, classifica\u00e7\u00e3o e parametriza\u00e7\u00e3o inequ\u00edvoca dos materiais<\/p>\n<p><a href=\"http:\/\/brugger.com.br\/site\/wp-content\/uploads\/2014\/05\/PDM.png\"><img loading=\"lazy\" decoding=\"async\" class=\"aligncenter wp-image-115 size-medium\" src=\"http:\/\/brugger.com.br\/site\/wp-content\/uploads\/2014\/05\/PDM-300x281.png\" alt=\"PDM\" width=\"300\" height=\"281\" srcset=\"https:\/\/brugger.com.br\/site\/wp-content\/uploads\/2014\/05\/PDM-300x281.png 300w, https:\/\/brugger.com.br\/site\/wp-content\/uploads\/2014\/05\/PDM-320x300.png 320w, https:\/\/brugger.com.br\/site\/wp-content\/uploads\/2014\/05\/PDM.png 623w\" sizes=\"auto, (max-width: 300px) 100vw, 300px\" \/><\/a><\/p>\n<p>&nbsp;<\/p>\n<p>PDM permite a compatibiliza\u00e7\u00e3o com os padr\u00f5es de mercado\u00a0 estabelecendo uma gest\u00e3o econ\u00f4mica que traz diversos benef\u00edcios dentre eles:<\/p>\n<p>Otimiza\u00e7\u00e3o na gest\u00e3o de estoque com redu\u00e7\u00e3o de falhas em materiais ativos e inativos ;<\/p>\n<ul>\n<li>Equaliza\u00e7\u00e3o dos \u00edndices de Falta, Valor, Import\u00e2ncia e Seguran\u00e7a do material;<\/li>\n<li>Redu\u00e7\u00e3o do investimento em estoque;<\/li>\n<li>Maior acerto no atendimento \u00e0s necessidades internas de materiais;<\/li>\n<li>Exatid\u00e3o de compra e fornecedor.<\/li>\n<\/ul>\n<p>As atividades\u00a0 abrangem todo o processo que envolve a Padroniza\u00e7\u00e3o de Descri\u00e7\u00e3o dos Materiais, com rotina nos conhecimentos:<\/p>\n<ul>\n<li>Cadastramento no sistema SAP nos m\u00f3dulos MD001 \u2013MD002 \u2013 MD003;<\/li>\n<li>Pesquisa TIPI quanto ao NCM do item a ser cadastrado;<\/li>\n<li>Especifica\u00e7\u00e3o de Sobressalentes, no f\u00edsico e por Pack\u00a0List;<\/li>\n<li>Interpreta\u00e7\u00e3o de Desenhos;<\/li>\n<li>ERP e categoriza\u00e7\u00e3o de agrupamento de itens por fam\u00edlia;<\/li>\n<li>Descoberta e identifica\u00e7\u00e3o em F\u00edsico dentre outras necessidades que englobam a rotina.<\/li>\n<\/ul>\n<h1 style=\"color: #000000;\">Resultados Encontrados<\/h1>\n<p style=\"color: #000000;\">Ao analisar os cadastros de seus clientes a Brugger &amp; Brugger encontrou vasta situa\u00e7\u00e3o em desconformidade com a situa\u00e7\u00e3o ideal, gerando em todos os casos despesas desnecess\u00e1rias para o cliente, conhe\u00e7a alguns n\u00fameros:<\/p>\n<h2 style=\"color: #000000;\"><strong>Materiais em duplicidade<\/strong><\/h2>\n<p style=\"color: #000000;\">Ao analisar os cadastros de trabalhados encontramos mais de 25% de materiais cadastrados em duplicidade, gerando despasas extras com compras, aloca\u00e7\u00e3o, estocagem e gerenciamento.<\/p>\n<p style=\"color: #000000;\"><a href=\"http:\/\/brugger.com.br\/site\/wp-content\/uploads\/2014\/05\/duplicados.jpg\"><img loading=\"lazy\" decoding=\"async\" class=\"aligncenter wp-image-153 size-full\" src=\"http:\/\/brugger.com.br\/site\/wp-content\/uploads\/2014\/05\/duplicados.jpg\" alt=\"Duplicidades\" width=\"242\" height=\"109\" \/><\/a><\/p>\n<h2 style=\"color: #000000;\"><strong>Cadastros incompletos ou incorreto<\/strong><\/h2>\n<p style=\"color: #000000;\">Mais de 54% dos materiais cadastrados estavam com seus cadastros incompletos, gerando despasas extras com compras incorretas, demora no processo de compras, dificuldades na identifica\u00e7\u00e3o de fornecedores.<\/p>\n<p style=\"color: #000000;\"><a href=\"http:\/\/brugger.com.br\/site\/wp-content\/uploads\/2014\/05\/incompletos.jpg\"><img loading=\"lazy\" decoding=\"async\" class=\"aligncenter wp-image-154 size-full\" src=\"http:\/\/brugger.com.br\/site\/wp-content\/uploads\/2014\/05\/incompletos.jpg\" alt=\"Incompletos\" width=\"242\" height=\"109\" \/><\/a><\/p>\n<h2 style=\"color: #000000;\"><strong>Materiais obsoletos<\/strong><\/h2>\n<p style=\"color: #000000;\">Um volume de mais de 40% de materiais cadastrados correspondiam \u00e0 materiais obsoletos, gerando dificuldades na identifica\u00e7\u00e3o dos materiais ativos, compras incorretas e dificuldades no gerenciamento.<\/p>\n<p style=\"color: #000000;\"><a href=\"http:\/\/brugger.com.br\/site\/wp-content\/uploads\/2014\/05\/obsoletos.jpg\"><img loading=\"lazy\" decoding=\"async\" class=\"aligncenter wp-image-155 size-full\" src=\"http:\/\/brugger.com.br\/site\/wp-content\/uploads\/2014\/05\/obsoletos.jpg\" alt=\"Obsoletos\" width=\"242\" height=\"109\" \/><\/a><\/p>\n<h2 style=\"color: #000000;\"><strong>Materiais Nacionaliz\u00e1veis:<\/strong><\/h2>\n<p style=\"color: #000000;\">Com cadastros incorretos e incompletos, mais de 20% de materiais importados deixaram de ser nacinalizados, gerando maior despesas nas compras, demora na entrega, necessidade de manter maior estoque, entre outros riscos.<\/p>\n<p style=\"color: #000000;\"><a href=\"http:\/\/brugger.com.br\/site\/wp-content\/uploads\/2014\/05\/nacionalizaveis.jpg\"><img loading=\"lazy\" decoding=\"async\" class=\"aligncenter wp-image-156 size-full\" src=\"http:\/\/brugger.com.br\/site\/wp-content\/uploads\/2014\/05\/nacionalizaveis.jpg\" alt=\"Nacionalizaveis\" width=\"242\" height=\"109\" \/><\/a><\/p>\n<p style=\"color: #000000;\">\n","protected":false},"excerpt":{"rendered":"<p>Um Padr\u00e3o para Descri\u00e7\u00e3o de Materiais (PDM) \u00e9 parte da infraestrutura m\u00ednima para gest\u00e3o de sistemas log\u00edsticos de suprimentos. Esta pratica assegura a correta identifica\u00e7\u00e3o, descri\u00e7\u00e3o, classifica\u00e7\u00e3o e parametriza\u00e7\u00e3o inequ\u00edvoca<\/p>\n","protected":false},"author":1,"featured_media":0,"parent":0,"menu_order":0,"comment_status":"closed","ping_status":"open","template":"","meta":{"footnotes":""},"class_list":["post-114","page","type-page","status-publish","hentry"],"_links":{"self":[{"href":"https:\/\/brugger.com.br\/site\/index.php?rest_route=\/wp\/v2\/pages\/114","targetHints":{"allow":["GET"]}}],"collection":[{"href":"https:\/\/brugger.com.br\/site\/index.php?rest_route=\/wp\/v2\/pages"}],"about":[{"href":"https:\/\/brugger.com.br\/site\/index.php?rest_route=\/wp\/v2\/types\/page"}],"author":[{"embeddable":true,"href":"https:\/\/brugger.com.br\/site\/index.php?rest_route=\/wp\/v2\/users\/1"}],"replies":[{"embeddable":true,"href":"https:\/\/brugger.com.br\/site\/index.php?rest_route=%2Fwp%2Fv2%2Fcomments&post=114"}],"version-history":[{"count":7,"href":"https:\/\/brugger.com.br\/site\/index.php?rest_route=\/wp\/v2\/pages\/114\/revisions"}],"predecessor-version":[{"id":180,"href":"https:\/\/brugger.com.br\/site\/index.php?rest_route=\/wp\/v2\/pages\/114\/revisions\/180"}],"wp:attachment":[{"href":"https:\/\/brugger.com.br\/site\/index.php?rest_route=%2Fwp%2Fv2%2Fmedia&parent=114"}],"curies":[{"name":"wp","href":"https:\/\/api.w.org\/{rel}","templated":true}]}}