{"id":125,"date":"2014-05-27T17:32:32","date_gmt":"2014-05-27T17:32:32","guid":{"rendered":"http:\/\/brugger.inf.br\/site\/?page_id=125"},"modified":"2014-05-27T17:32:32","modified_gmt":"2014-05-27T17:32:32","slug":"lista-tecnica","status":"publish","type":"page","link":"https:\/\/brugger.com.br\/site\/?page_id=125","title":{"rendered":"Lista T\u00e9cnica"},"content":{"rendered":"<p>Uma Lista T\u00e9cnica atualizada e corretamente desenvolvida oferece a rotina uma maior efici\u00eancia nos seguintes aspectos:<\/p>\n<ul>\n<li>Localiza\u00e7\u00e3o correta dos sistemas, equipamentos e seus sobressalentes na planta de uma empresa;<\/li>\n<li>Permite correta abertura de OM\u2019se identifica\u00e7\u00e3o de sobressalentes para troca;<\/li>\n<li>Agilidade e assertividade na solicita\u00e7\u00e3o de compra pelo cliente operacional.<\/li>\n<\/ul>\n<p><i>Todo <\/i><i>o processo permite uma manobra \u00e1gil <\/i><i>da manuten\u00e7\u00e3o<\/i><i>, <\/i><i>planejamento, compras <\/i><i>e <\/i><i>estocagem.\u00a0<\/i><\/p>\n<p>As atividades buscam fazer a atualiza\u00e7\u00e3o da Lista T\u00e9cnica, avalia\u00e7\u00e3o da Criticidade de itens e sobressalentes, identifica\u00e7\u00e3o e cadastramento.<\/p>\n<p>\u00c9 feito o levantamento no sistema SAP para identificar o cen\u00e1rio referente a Lista T\u00e9cnica e seus Locais de Instala\u00e7\u00e3o podendo assim dimensionar e direcionar as atividades nas seguintes rotinas:<\/p>\n<ul>\n<li>Tratar os locais sem associa\u00e7\u00e3o de lista t\u00e9cnica;<\/li>\n<li>Corrigir err\u00f4nea associa\u00e7\u00e3o de lista t\u00e9cnica e seus locais;<\/li>\n<li>Criar e corrigir estrutura taxon\u00f4mica no sistema;<\/li>\n<li>Atualizar lista t\u00e9cnica com os c\u00f3digos dos materiais usados na atualidade;<\/li>\n<li>Sanear c\u00f3digos bloqueados e ativo fixo.<\/li>\n<\/ul>\n","protected":false},"excerpt":{"rendered":"<p>Uma Lista T\u00e9cnica atualizada e corretamente desenvolvida oferece a rotina uma maior efici\u00eancia nos seguintes aspectos: Localiza\u00e7\u00e3o correta dos sistemas, equipamentos e seus sobressalentes na planta de uma empresa; Permite<\/p>\n","protected":false},"author":1,"featured_media":0,"parent":0,"menu_order":0,"comment_status":"closed","ping_status":"open","template":"","meta":{"footnotes":""},"class_list":["post-125","page","type-page","status-publish","hentry"],"_links":{"self":[{"href":"https:\/\/brugger.com.br\/site\/index.php?rest_route=\/wp\/v2\/pages\/125","targetHints":{"allow":["GET"]}}],"collection":[{"href":"https:\/\/brugger.com.br\/site\/index.php?rest_route=\/wp\/v2\/pages"}],"about":[{"href":"https:\/\/brugger.com.br\/site\/index.php?rest_route=\/wp\/v2\/types\/page"}],"author":[{"embeddable":true,"href":"https:\/\/brugger.com.br\/site\/index.php?rest_route=\/wp\/v2\/users\/1"}],"replies":[{"embeddable":true,"href":"https:\/\/brugger.com.br\/site\/index.php?rest_route=%2Fwp%2Fv2%2Fcomments&post=125"}],"version-history":[{"count":1,"href":"https:\/\/brugger.com.br\/site\/index.php?rest_route=\/wp\/v2\/pages\/125\/revisions"}],"predecessor-version":[{"id":126,"href":"https:\/\/brugger.com.br\/site\/index.php?rest_route=\/wp\/v2\/pages\/125\/revisions\/126"}],"wp:attachment":[{"href":"https:\/\/brugger.com.br\/site\/index.php?rest_route=%2Fwp%2Fv2%2Fmedia&parent=125"}],"curies":[{"name":"wp","href":"https:\/\/api.w.org\/{rel}","templated":true}]}}