{"id":70,"date":"2014-05-27T15:19:54","date_gmt":"2014-05-27T15:19:54","guid":{"rendered":"http:\/\/brugger.inf.br\/site\/?page_id=70"},"modified":"2015-07-06T23:12:40","modified_gmt":"2015-07-06T23:12:40","slug":"como-trabalhamos","status":"publish","type":"page","link":"https:\/\/brugger.com.br\/site\/?page_id=70","title":{"rendered":"Como Trabalhamos"},"content":{"rendered":"<p>Nossa equipe de consultores atua dentro dos clientes, com o objetivo de identificar presencialmente os problemas e suas causas.\u00a0Trabalhamos\u00a0de forma conjunta com a equipe do cliente na implementa\u00e7\u00e3o de a\u00e7\u00f5es para atingir o resultado.<\/p>\n<p style=\"text-align: center;\"><a href=\"http:\/\/brugger.com.br\/site\/wp-content\/uploads\/2014\/05\/Servicos.png\"><img loading=\"lazy\" decoding=\"async\" class=\"alignnone wp-image-100 size-medium\" src=\"http:\/\/brugger.com.br\/site\/wp-content\/uploads\/2014\/05\/Servicos-300x162.png\" alt=\"Servicos\" width=\"300\" height=\"162\" srcset=\"https:\/\/brugger.com.br\/site\/wp-content\/uploads\/2014\/05\/Servicos-300x162.png 300w, https:\/\/brugger.com.br\/site\/wp-content\/uploads\/2014\/05\/Servicos-500x270.png 500w, https:\/\/brugger.com.br\/site\/wp-content\/uploads\/2014\/05\/Servicos.png 742w\" sizes=\"auto, (max-width: 300px) 100vw, 300px\" \/><\/a><\/p>\n<p>Isso \u00e9 feito por meio da implementa\u00e7\u00e3o de um eficaz sistema de gest\u00e3o, no qual cada profissional conhece seu papel para que os resultados sejam obtidos. Dessa forma, o resultado que entregamos \u00e9 muito mais consistente e duradouro. Isso porque se baseia no crescimento e desenvolvimento da equipe do cliente, no decorrer do projeto.<\/p>\n<h1>Fatores de Sucesso<\/h1>\n<p>Envolvimento de todos os colaboradores do cliente com o m\u00e9todo, s\u00e3o alguns dos requisitos para o sucesso do projeto.<\/p>\n<p>Tr\u00eas fatores cr\u00edticos permeiam a atua\u00e7\u00e3o da Brugger &amp; Brugger:<\/p>\n<p><a href=\"http:\/\/brugger.com.br\/site\/wp-content\/uploads\/2014\/05\/Fatores.png\"><img loading=\"lazy\" decoding=\"async\" class=\"aligncenter wp-image-102 size-medium\" src=\"http:\/\/brugger.com.br\/site\/wp-content\/uploads\/2014\/05\/Fatores-300x175.png\" alt=\"Fatores\" width=\"300\" height=\"175\" srcset=\"https:\/\/brugger.com.br\/site\/wp-content\/uploads\/2014\/05\/Fatores-300x175.png 300w, https:\/\/brugger.com.br\/site\/wp-content\/uploads\/2014\/05\/Fatores-500x292.png 500w, https:\/\/brugger.com.br\/site\/wp-content\/uploads\/2014\/05\/Fatores.png 1001w\" sizes=\"auto, (max-width: 300px) 100vw, 300px\" \/><\/a><\/p>\n","protected":false},"excerpt":{"rendered":"<p>Nossa equipe de consultores atua dentro dos clientes, com o objetivo de identificar presencialmente os problemas e suas causas.\u00a0Trabalhamos\u00a0de forma conjunta com a equipe do cliente na implementa\u00e7\u00e3o de a\u00e7\u00f5es<\/p>\n","protected":false},"author":1,"featured_media":0,"parent":0,"menu_order":0,"comment_status":"closed","ping_status":"open","template":"","meta":{"footnotes":""},"class_list":["post-70","page","type-page","status-publish","hentry"],"_links":{"self":[{"href":"https:\/\/brugger.com.br\/site\/index.php?rest_route=\/wp\/v2\/pages\/70","targetHints":{"allow":["GET"]}}],"collection":[{"href":"https:\/\/brugger.com.br\/site\/index.php?rest_route=\/wp\/v2\/pages"}],"about":[{"href":"https:\/\/brugger.com.br\/site\/index.php?rest_route=\/wp\/v2\/types\/page"}],"author":[{"embeddable":true,"href":"https:\/\/brugger.com.br\/site\/index.php?rest_route=\/wp\/v2\/users\/1"}],"replies":[{"embeddable":true,"href":"https:\/\/brugger.com.br\/site\/index.php?rest_route=%2Fwp%2Fv2%2Fcomments&post=70"}],"version-history":[{"count":6,"href":"https:\/\/brugger.com.br\/site\/index.php?rest_route=\/wp\/v2\/pages\/70\/revisions"}],"predecessor-version":[{"id":174,"href":"https:\/\/brugger.com.br\/site\/index.php?rest_route=\/wp\/v2\/pages\/70\/revisions\/174"}],"wp:attachment":[{"href":"https:\/\/brugger.com.br\/site\/index.php?rest_route=%2Fwp%2Fv2%2Fmedia&parent=70"}],"curies":[{"name":"wp","href":"https:\/\/api.w.org\/{rel}","templated":true}]}}