{"id":75,"date":"2014-05-27T15:30:42","date_gmt":"2014-05-27T15:30:42","guid":{"rendered":"http:\/\/brugger.inf.br\/site\/?page_id=75"},"modified":"2015-07-06T23:16:03","modified_gmt":"2015-07-06T23:16:03","slug":"principais-clientes","status":"publish","type":"page","link":"https:\/\/brugger.com.br\/site\/?page_id=75","title":{"rendered":"Principais Clientes"},"content":{"rendered":"<p>Nossa empresa j\u00e1 desenvolveu trabalhos estrat\u00e9gicos que ajudaram diversas empresas em sua gest\u00e3o de suprimentos. Dentre elas podemos destacas servi\u00e7os prestados para:<\/p>\n<p>&nbsp;<\/p>\n<p><a href=\"http:\/\/brugger.com.br\/site\/wp-content\/uploads\/2014\/05\/Logo-Samarco.jpg\"><img loading=\"lazy\" decoding=\"async\" class=\"aligncenter wp-image-77 size-full\" src=\"http:\/\/brugger.com.br\/site\/wp-content\/uploads\/2014\/05\/Logo-Samarco.jpg\" alt=\"Logo Samarco\" width=\"350\" height=\"55\" srcset=\"https:\/\/brugger.com.br\/site\/wp-content\/uploads\/2014\/05\/Logo-Samarco.jpg 350w, https:\/\/brugger.com.br\/site\/wp-content\/uploads\/2014\/05\/Logo-Samarco-300x47.jpg 300w\" sizes=\"auto, (max-width: 350px) 100vw, 350px\" \/><\/a><\/p>\n<p style=\"text-align: center;\"><a href=\"http:\/\/brugger.com.br\/site\/wp-content\/uploads\/2014\/05\/Logo-Anglo-American.jpg\"><img loading=\"lazy\" decoding=\"async\" class=\"alignnone wp-image-78 size-medium\" src=\"http:\/\/brugger.com.br\/site\/wp-content\/uploads\/2014\/05\/Logo-Anglo-American-300x96.jpg\" alt=\"Logo Anglo American\" width=\"300\" height=\"96\" srcset=\"https:\/\/brugger.com.br\/site\/wp-content\/uploads\/2014\/05\/Logo-Anglo-American-300x96.jpg 300w, https:\/\/brugger.com.br\/site\/wp-content\/uploads\/2014\/05\/Logo-Anglo-American-500x160.jpg 500w, https:\/\/brugger.com.br\/site\/wp-content\/uploads\/2014\/05\/Logo-Anglo-American.jpg 572w\" sizes=\"auto, (max-width: 300px) 100vw, 300px\" \/><\/a><\/p>\n<p style=\"text-align: center;\"><a href=\"http:\/\/brugger.com.br\/site\/wp-content\/uploads\/2014\/05\/Logo-Time-Now.jpg\"><img loading=\"lazy\" decoding=\"async\" class=\"alignnone wp-image-79 size-medium\" src=\"http:\/\/brugger.com.br\/site\/wp-content\/uploads\/2014\/05\/Logo-Time-Now-300x118.jpg\" alt=\"Logo Time-Now\" width=\"300\" height=\"118\" srcset=\"https:\/\/brugger.com.br\/site\/wp-content\/uploads\/2014\/05\/Logo-Time-Now-300x118.jpg 300w, https:\/\/brugger.com.br\/site\/wp-content\/uploads\/2014\/05\/Logo-Time-Now.jpg 500w\" sizes=\"auto, (max-width: 300px) 100vw, 300px\" \/><\/a><\/p>\n<p style=\"text-align: center;\"><a href=\"http:\/\/brugger.com.br\/site\/wp-content\/uploads\/2014\/05\/Logo-Vale.jpg\"><img loading=\"lazy\" decoding=\"async\" class=\"alignnone wp-image-80 size-medium\" src=\"http:\/\/brugger.com.br\/site\/wp-content\/uploads\/2014\/05\/Logo-Vale-300x135.jpg\" alt=\"Logo Vale\" width=\"300\" height=\"135\" srcset=\"https:\/\/brugger.com.br\/site\/wp-content\/uploads\/2014\/05\/Logo-Vale-300x135.jpg 300w, https:\/\/brugger.com.br\/site\/wp-content\/uploads\/2014\/05\/Logo-Vale.jpg 464w\" sizes=\"auto, (max-width: 300px) 100vw, 300px\" \/><\/a><\/p>\n<p style=\"text-align: center;\"><a href=\"http:\/\/brugger.com.br\/site\/wp-content\/uploads\/2014\/05\/Logo-FCA.jpg\"><img loading=\"lazy\" decoding=\"async\" class=\"alignnone wp-image-83 size-medium\" src=\"http:\/\/brugger.com.br\/site\/wp-content\/uploads\/2014\/05\/Logo-FCA-300x163.jpg\" alt=\"Logo FCA\" width=\"300\" height=\"163\" srcset=\"https:\/\/brugger.com.br\/site\/wp-content\/uploads\/2014\/05\/Logo-FCA-300x163.jpg 300w, https:\/\/brugger.com.br\/site\/wp-content\/uploads\/2014\/05\/Logo-FCA-500x272.jpg 500w, https:\/\/brugger.com.br\/site\/wp-content\/uploads\/2014\/05\/Logo-FCA.jpg 833w\" sizes=\"auto, (max-width: 300px) 100vw, 300px\" \/><\/a><\/p>\n","protected":false},"excerpt":{"rendered":"<p>Nossa empresa j\u00e1 desenvolveu trabalhos estrat\u00e9gicos que ajudaram diversas empresas em sua gest\u00e3o de suprimentos. Dentre elas podemos destacas servi\u00e7os prestados para: &nbsp;<\/p>\n","protected":false},"author":1,"featured_media":0,"parent":0,"menu_order":0,"comment_status":"closed","ping_status":"open","template":"","meta":{"footnotes":""},"class_list":["post-75","page","type-page","status-publish","hentry"],"_links":{"self":[{"href":"https:\/\/brugger.com.br\/site\/index.php?rest_route=\/wp\/v2\/pages\/75","targetHints":{"allow":["GET"]}}],"collection":[{"href":"https:\/\/brugger.com.br\/site\/index.php?rest_route=\/wp\/v2\/pages"}],"about":[{"href":"https:\/\/brugger.com.br\/site\/index.php?rest_route=\/wp\/v2\/types\/page"}],"author":[{"embeddable":true,"href":"https:\/\/brugger.com.br\/site\/index.php?rest_route=\/wp\/v2\/users\/1"}],"replies":[{"embeddable":true,"href":"https:\/\/brugger.com.br\/site\/index.php?rest_route=%2Fwp%2Fv2%2Fcomments&post=75"}],"version-history":[{"count":5,"href":"https:\/\/brugger.com.br\/site\/index.php?rest_route=\/wp\/v2\/pages\/75\/revisions"}],"predecessor-version":[{"id":178,"href":"https:\/\/brugger.com.br\/site\/index.php?rest_route=\/wp\/v2\/pages\/75\/revisions\/178"}],"wp:attachment":[{"href":"https:\/\/brugger.com.br\/site\/index.php?rest_route=%2Fwp%2Fv2%2Fmedia&parent=75"}],"curies":[{"name":"wp","href":"https:\/\/api.w.org\/{rel}","templated":true}]}}