{"id":8,"date":"2013-02-13T16:26:19","date_gmt":"2013-02-13T16:26:19","guid":{"rendered":"http:\/\/brugger.inf.br\/site\/?page_id=8"},"modified":"2015-07-06T23:27:45","modified_gmt":"2015-07-06T23:27:45","slug":"empresa","status":"publish","type":"page","link":"https:\/\/brugger.com.br\/site\/?page_id=8","title":{"rendered":"Sobre N\u00f3s"},"content":{"rendered":"<p><a href=\"http:\/\/brugger.com.br\/site\/wp-content\/uploads\/2013\/02\/logo.png\"><img loading=\"lazy\" decoding=\"async\" class=\"alignnone wp-image-28 size-full\" src=\"http:\/\/brugger.com.br\/site\/wp-content\/uploads\/2013\/02\/logo.png\" alt=\"logo.png\" width=\"196\" height=\"48\" \/><\/a><\/p>\n<p>Fundada em <strong>1999<\/strong> a\u00a0<strong>Brugger &amp; Brugger<\/strong> Consultoria trabalha com o desenvolvimento de solu\u00e7\u00f5es t\u00e9cnicas na \u00e1rea de Gest\u00e3o de Suprimentos, com foco na redu\u00e7\u00e3o de custo e otimiza\u00e7\u00e3o de capital imobilizado no setor de Suprimentos, trazendo mais agilidade na compra e no reposicionamento de materiais com controle de PDM (Padr\u00e3o Descritivo de Materiais) dentro das normas t\u00e9cnicas de padroniza\u00e7\u00e3o.<\/p>\n<p>Com forte atua\u00e7\u00e3o na \u00c1rea T\u00e9cnica de Suprimentos a Brugger &amp; Brugger Consultoria desenvolve suas atividades nos seguimentos de Siderurgia, Minera\u00e7\u00e3o, Mineroduto, Ferrovias, Ind\u00fastrias t\u00eaxteis, Bebidas e Celulose, dentre outros grupos.<\/p>\n<p><i>Com sede <\/i><i>em Ouro Branco-MG <\/i><i>e atuando ha mais de 20 anos na <\/i><i>\u00c1rea T\u00e9cnica <\/i><i>de Consultoria de Suprimentos\/Manuten\u00e7\u00e3o.<\/i><\/p>\n<p>Entre em contato com nosso\u00a0<a href=\"http:\/\/www.brugger.inf.br\/contato.html\">consultor<\/a>\u00a0e marque uma visita para entender como podemos ajudar sua empresa a reduzir os gastos com materiais, itens sobresalentes e nacionaliza\u00e7\u00e3o de materiais importados.<\/p>\n<p>Baixe aqui uma breve apresenta\u00e7\u00e3o em PDF sobre nossa empresa:\u00a0<a href=\"http:\/\/brugger.inf.br\/site\/wp-content\/uploads\/2014\/05\/Apresenta\u00e7\u00e3o-Brugger-e-Brugger.pdf\">Apresenta\u00e7\u00e3o Brugger e Brugger<\/a><\/p>\n<hr \/>\n<h1>A Brugger &amp; Brugger \u00e9 .inf.:<\/h1>\n<p>.inf de informa\u00e7\u00e3o, pois acreditamos que a informa\u00e7\u00e3o precisa \u00e9 a alma do neg\u00f3cio! E qualidade da informa\u00e7\u00e3o \u00e9 o que levamos aos nossos clientes. Precis\u00e3o e padroniza\u00e7\u00e3o, se traduzem em redu\u00e7\u00e3o de custos, agilidade e maior \u00edndice de acertos.<\/p>\n","protected":false},"excerpt":{"rendered":"<p>Fundada em 1999 a\u00a0Brugger &amp; Brugger Consultoria trabalha com o desenvolvimento de solu\u00e7\u00f5es t\u00e9cnicas na \u00e1rea de Gest\u00e3o de Suprimentos, com foco na redu\u00e7\u00e3o de custo e otimiza\u00e7\u00e3o de capital<\/p>\n","protected":false},"author":1,"featured_media":0,"parent":0,"menu_order":0,"comment_status":"closed","ping_status":"closed","template":"","meta":{"footnotes":""},"class_list":["post-8","page","type-page","status-publish","hentry"],"_links":{"self":[{"href":"https:\/\/brugger.com.br\/site\/index.php?rest_route=\/wp\/v2\/pages\/8","targetHints":{"allow":["GET"]}}],"collection":[{"href":"https:\/\/brugger.com.br\/site\/index.php?rest_route=\/wp\/v2\/pages"}],"about":[{"href":"https:\/\/brugger.com.br\/site\/index.php?rest_route=\/wp\/v2\/types\/page"}],"author":[{"embeddable":true,"href":"https:\/\/brugger.com.br\/site\/index.php?rest_route=\/wp\/v2\/users\/1"}],"replies":[{"embeddable":true,"href":"https:\/\/brugger.com.br\/site\/index.php?rest_route=%2Fwp%2Fv2%2Fcomments&post=8"}],"version-history":[{"count":14,"href":"https:\/\/brugger.com.br\/site\/index.php?rest_route=\/wp\/v2\/pages\/8\/revisions"}],"predecessor-version":[{"id":185,"href":"https:\/\/brugger.com.br\/site\/index.php?rest_route=\/wp\/v2\/pages\/8\/revisions\/185"}],"wp:attachment":[{"href":"https:\/\/brugger.com.br\/site\/index.php?rest_route=%2Fwp%2Fv2%2Fmedia&parent=8"}],"curies":[{"name":"wp","href":"https:\/\/api.w.org\/{rel}","templated":true}]}}